be (53 + 8)/(2/6). Suppose h - 51 = 4*j. Calculate the remainder when j is divided by f.
5
Suppose -2*h - 49 = -5*b, -h - 28 + 14 = -b. What is the remainder when (-6)/(-9) - 176/(-6) is divided by b?
2
Suppose -4*f + 4203 = v, f - 2*v = 172 + 872. Calculate the remainder when f is divided by 80.
10
Let j be 49/(-4) - (5/(-4) + 1). Let d be 6/j + -2 + 127/2. Let q = 2 + d. Calculate the remainder when q is divided by 8.
7
Suppose 21 = -79*f + 82*f. Let l = 20 - 22. Calculate the remainder when -1 + 219/f + l/7 is divided by 7.
2
Let h(x) = x**2 + 19*x + 97. What is the remainder when 1320 is divided by h(-14)?
24
Let h = 161 - 89. Suppose -2 = -k + 3*k, -4*k - 68 = -2*j. Suppose 0 = -5*o + 63 + j. What is the remainder when h is divided by o?
15
Let c(z) be the second derivative of 17*z**3/6 - 11*z**2/2 - 5*z + 5. What is the remainder when 443 is divided by c(5)?
73
Let h(x) = 6*x**2 + 4*x + 8. Suppose 5*q = -p + 263, -12*q + 7*q + 279 = 3*p. Calculate the remainder when h(-6) is divided by q.
47
Suppose 0 = 2*h - 3*i - 64, 2*h + 5*i = 9 + 23. Suppose -h*f = -5*f - 168. What is the remainder when 93 is divided by f?
5
Suppose -11*m = -16*m - 20, 0 = 2*v + 5*m + 420. Let l = v - -232. What is the remainder when 119 is divided by l?
23
Let m(u) = 4*u**2 - 2*u - 42. Let h be 10206/(-28)*4/(-6). Calculate the remainder when m(8) is divided by h/6 - (-2)/(-4).
38
Let q(c) = 14*c**2 - 13*c**2 - 25*c - 2*c**2 - 56. Calculate the remainder when 65 is divided by q(-20).
21
Let z(p) = p**2 - 11*p + 21. Let j be z(7). Let g = j - -110. Calculate the remainder when g is divided by 54.
49
Suppose -5*y + 13 = z, -383 = -14*z + 1792*y - 1795*y. What is the remainder when (-2)/(-4) + (-434)/(-4) is divided by z?
25
Let w(u) = 10*u - 168. Let x be w(17). Suppose 2*o - x*p - 224 = 0, 2*o + 4*p - 229 = 5*p. Calculate the remainder when o is divided by 20.
17
Suppose -118 = 2*z + 5*v - 374, -256 = -2*z - 3*v. Calculate the remainder when z is divided by 127.
1
Let n = -38 + 48. Let f be 3/(n/(-8) - -2). Suppose 4*w = f, -5*w = 5*k - 438 - 427. What is the remainder when k is divided by 35?
32
Let k = -40 + 58. Let y(z) = 20*z + 151. What is the remainder when y(-5) is divided by k?
15
What is the remainder when 2937 is divided by 33/44 - 6648/(-96)?
67
Suppose 5*l - 1190 = 4*y, -4*y = -l + 1098 + 84. What is the remainder when 173 is divided by (y/(-10)*-1)/(4/(-8))?
55
Suppose -15*y + 831 = -294. Let x = y - 48. What is the remainder when 41 is divided by x?
14
Suppose -360*v + 2*t = -356*v - 62, 4*v + 5*t - 83 = 0. Calculate the remainder when 1101 is divided by v.
13
Let d(n) = 21*n - 46. Let y = -90 + 94. Calculate the remainder when d(y) is divided by 10.
8
Let w = 3401 - 3348. Calculate the remainder when 3815 is divided by w.
52
Let u(m) = 3*m**2 - 3. Let p(n) = n**3 + n**2 + 6*n + 2. Let b be p(0). What is the remainder when 59 is divided by u(b)?
5
Let h(g) = -g - 33. Let a be h(-12). What is the remainder when 53 is divided by ((-36)/a)/(20/(-70))*-3?
17
Suppose 4*h - u - 19 - 4 = 0, -5*h = 3*u - 50. Let g(k) = -k**2 + 7*k + 1. Let r be g(h). What is the remainder when 38 is divided by (-9 + 10)/(9/(-10) + r)?
8
Suppose 39 = 4*u - 101. Suppose -5*r = -2*r - 66. Calculate the remainder when u is divided by r.
13
Let k = -19214 + 19220. Suppose -163 = -2*t + 147. Calculate the remainder when t is divided by k.
5
Let c be (-62)/(-3) - (-2)/(-3). Let q(z) be the second derivative of z**3 - 65*z**2/2 + 28*z - 98. What is the remainder when 160 is divided by q(c)?
50
What is the remainder when 169 is divided by (-4)/(-64)*-48*52/(-3)?
13
Let r(s) = s**3 + 5*s**2 - 2*s + 6. Calculate the remainder when r(-5) is divided by (-2944)/(-207) - (-26)/(-117).
2
Let x(s) = -38*s - 168. Calculate the remainder when x(-6) is divided by 32.
28
Suppose 2*c + 2*o - 450 = -2*c, -2*o = -4*c + 470. Let g = 131 - c. Calculate the remainder when g is divided by 4.
0
Suppose -4*i = 2*s - 98, 4*s + 0*s + 2*i = 208. What is the remainder when s is divided by (-12)/(-42) + 188/28?
4
Let g(i) = 2*i**3 + 92*i**2 - 90*i - 58. Let f be g(-47). Let j = -165 - f. What is the remainder when 254 is divided by j?
11
Let y(j) = 844*j + 1884. What is the remainder when 579 is divided by y(-2)?
187
Let c(d) = -2*d + 4. Let y be c(3). Let o(t) = t**2 + 20*t - 190. What is the remainder when o(-30) is divided by ((-32)/(-12))/(y/(-21))?
26
Let z(k) = k**2 - 5*k - 42. Suppose 2*u = -4*m - 38, 0 = 8*m - 5*m + 12. Suppose 4*h - 80 = -12. What is the remainder when z(u) is divided by h?
15
Suppose -88*t - 1064 = -102*t. Let g(k) = k**2 + 25*k + 44. What is the remainder when t is divided by g(-25)?
32
Let t = -12897 - -14103. What is the remainder when t is divided by 585?
36
Let i = 139 - 143. What is the remainder when -4*3/i - (0 + -87) is divided by 7?
6
Suppose -36*r - 5289 = -146*r + 4611. Calculate the remainder when 7919 is divided by r.
89
Suppose 4*y = 128 + 456. Suppose -39*b = -120*b + 2025. Calculate the remainder when (y/2)/1 - 1 is divided by b.
22
Let l(v) = -24*v - 222. What is the remainder when 1084 is divided by l(-11)?
34
Let b = 209 + -196. Let l be -1 + 36 + (-2)/(-1). Suppose -l = 3*m - 148. What is the remainder when m is divided by b?
11
Suppose -813 = -4*z - 377. What is the remainder when 178 is divided by z?
69
Let y(o) = -o**2 - 14*o - 10. Let a be y(-5). Let h = a + 184. Calculate the remainder when h is divided by 20.
19
Let u(c) = -12*c**2 - 41*c + 111. Calculate the remainder when 797 is divided by u(0).
20
Let v(i) = -i**3 + 15*i**2 + 34*i - 20. Let y = -24 - -34. What is the remainder when v(16) is divided by y?
8
Let l = -17 + 255. Let m = l + -56. What is the remainder when m is divided by 31?
27
Let g = -19 - -183. Let l = g + -151. What is the remainder when (-2)/(-4) + (-45)/(-2) is divided by l?
10
Let c = -3250 + 3268. Calculate the remainder when 657 is divided by c.
9
Suppose 0 = -4*n - 2*h - 3*h + 430, 200 = 2*n - 5*h. Let k(b) = -31*b**2 - 114*b - 27. What is the remainder when n is divided by k(-3)?
33
Let y = -36 - -45. Let a(b) = 4*b - 26. Let p be a(y). Calculate the remainder when 28 + p/(-2) + 1 is divided by 9.
6
Let l = -53 + 57. Suppose 1 = s, n - 4*n + l*s + 164 = 0. Calculate the remainder when n is divided by 12.
8
Let g = 310 + -91. Let m(t) = 5274*t - 5252. Calculate the remainder when g is divided by m(1).
21
Let z = -5 - -3. Let i = z + 23. What is the remainder when (16218/24)/17 + (-1)/((-16)/20) is divided by i?
20
Let w be (108/(-10))/(-6 + (-171)/(-30)). Suppose -21*n = w*n - 342. Calculate the remainder when (44/(-6))/((-2)/6) is divided by n.
4
Let v(p) = p + 7. Let j be v(-14). Let d(q) = -q**3 - 7*q**2 - 7*q - 9. Suppose 5*r + 1896 = 29*r. What is the remainder when r is divided by d(j)?
39
Let y = -7026 + 7274. What is the remainder when y is divided by 129?
119
Let k(c) = -3*c**3 - 8*c**2 - 29*c - 335. Calculate the remainder when k(-8) is divided by 855.
66
Let u(q) = 38*q - 286. Let c(o) = -2*o**3 - 7*o**2 - 18. Calculate the remainder when c(-6) is divided by u(9).
50
What is the remainder when 47 is divided by (25/7)/((-36)/(-252))?
22
Let h(i) = -i**2 + 4*i + 7. Suppose -2*d - 2 = -2*m, 0*d = 5*m + 2*d + 9. What is the remainder when 3 + -2 - 3/m is divided by h(5)?
0
Let b = 100 + 167. Suppose 0 = -2*p, -21 - 39 = -4*g - 4*p. Calculate the remainder when b is divided by g.
12
Let p = -1366 - -1412. Calculate the remainder when (7 - 8)/((-2)/730) is divided by p.
43
Suppose -2*a - 284 = -4*j, 276 = 4*j + 3*a - 4*a. What is the remainder when 862 is divided by j?
58
Let h(l) = -3*l - 42. Let s(v) = -9*v - 300. Calculate the remainder when s(-38) is divided by h(-18).
6
Let u be (-210)/40*(-160)/3. Suppose -4*y = -9*y + 455. Suppose y - u = -7*v. Calculate the remainder when 132 is divided by v.
24
Suppose 0 = -34653*a + 34668*a - 330. What is the remainder when (41/(-2))/(2/(-4)) is divided by a?
19
Let b = 36 + -33. Suppose 5*a - 2*t = a - 42, 5*a = -b*t - 80. Let u(z) = -9*z + 6. What is the remainder when u(a) is divided by 31?
30
Let n = 2031 + -1989. Let x = 2 - -8. What is the remainder when n is divided by x?
2
Calculate the remainder when ((-14)/(-259) + 20622/444)*888/18 is divided by 39.
32
Suppose -g + 3*g